0676?
2, 7, 11, 31, 355087
List the prime factors of 144030864.
2, 3, 3000643
List the prime factors of 546031350.
2, 3, 5, 239, 5077
What are the prime factors of 366197442?
2, 3, 13, 17, 29, 89, 107
What are the prime factors of 75366316?
2, 79, 3019
What are the prime factors of 2625370442?
2, 5849, 224429
What are the prime factors of 15603191?
15603191
List the prime factors of 437013714.
2, 3, 113, 644563
List the prime factors of 23353238.
2, 11676619
List the prime factors of 43934208.
2, 3, 28603
List the prime factors of 3677387558.
2, 13, 191, 740513
What are the prime factors of 5628391259?
5628391259
List the prime factors of 1930174769.
163, 181, 65423
List the prime factors of 58615977.
3, 7, 2791237
What are the prime factors of 1999821094?
2, 2459, 406633
List the prime factors of 1863540614.
2, 13, 71674639
What are the prime factors of 24045621?
3, 19, 97, 4349
List the prime factors of 635100064.
2, 83, 239119
What are the prime factors of 134642879?
7, 73, 263489
What are the prime factors of 1025323723?
233, 727, 6053
List the prime factors of 124585246.
2, 62292623
What are the prime factors of 1235772520?
2, 5, 23, 113, 11887
What are the prime factors of 2525201906?
2, 31, 2791, 14593
What are the prime factors of 292553390?
2, 5, 127, 230357
What are the prime factors of 2360397118?
2, 5303, 222553
List the prime factors of 5104864986.
2, 3, 13, 1789, 36583
List the prime factors of 353729878.
2, 19, 29, 41, 7829
What are the prime factors of 2436421270?
2, 5, 1823, 133649
What are the prime factors of 1386111812?
2, 67, 107, 48337
List the prime factors of 5770588910.
2, 5, 23, 809, 31013
List the prime factors of 14380963.
17, 43, 103, 191
What are the prime factors of 915224024?
2, 11, 13, 89, 101
What are the prime factors of 94779788?
2, 23694947
What are the prime factors of 2019781091?
71, 193, 147397
List the prime factors of 51152938.
2, 4349, 5881
List the prime factors of 2795059133.
2795059133
List the prime factors of 116472917.
11, 10588447
List the prime factors of 23692938.
2, 3, 859, 4597
What are the prime factors of 317789119?
317789119
What are the prime factors of 960178796?
2, 61, 997, 3947
What are the prime factors of 1931947632?
2, 3, 4472101
List the prime factors of 1380677729.
17, 81216337
List the prime factors of 650301616.
2, 1693, 24007
What are the prime factors of 19738053?
3, 619, 1181
What are the prime factors of 29483004?
2, 3, 2456917
What are the prime factors of 45510359?
641, 70999
What are the prime factors of 51963154?
2, 41, 149, 4253
List the prime factors of 39572466.
2, 3, 23, 139, 2063
What are the prime factors of 100539834?
2, 3, 53, 61, 71, 73
What are the prime factors of 319106895?
3, 5, 41, 241, 2153
List the prime factors of 272433229.
19, 23, 623417
List the prime factors of 649084872.
2, 3, 2777, 9739
List the prime factors of 18541231.
18541231
What are the prime factors of 91425974?
2, 45712987
What are the prime factors of 5002681013?
11, 3931, 115693
What are the prime factors of 2924625577?
743, 3936239
List the prime factors of 2347117362.
2, 3, 130395409
What are the prime factors of 633559768?
2, 97, 816443
List the prime factors of 642986746.
2, 15877, 20249
What are the prime factors of 324716424?
2, 3, 97, 139483
List the prime factors of 3211596926.
2, 1605798463
What are the prime factors of 584449463?
13, 877, 51263
What are the prime factors of 260404109?
7, 37200587
What are the prime factors of 35176365?
3, 5, 7, 43, 53
What are the prime factors of 5448823?
17, 197, 1627
What are the prime factors of 417137815?
5, 37, 2254799
What are the prime factors of 667874897?
23, 2287, 12697
List the prime factors of 2743377160.
2, 5, 68584429
List the prime factors of 175329646.
2, 47, 163, 11443
List the prime factors of 455656830.
2, 3, 5, 15188561
What are the prime factors of 111869529?
3, 89, 418987
List the prime factors of 314049211.
7, 17, 2639069
What are the prime factors of 1681808943?
3, 47, 911, 13093
List the prime factors of 93549822.
2, 3, 67, 232711
List the prime factors of 95756139.
3, 10639571
List the prime factors of 32186229.
3, 10728743
What are the prime factors of 309671284?
2, 13, 577, 10321
List the prime factors of 60690718.
2, 11, 113, 24413
What are the prime factors of 103813585?
5, 307, 67631
What are the prime factors of 4670503?
67, 69709
List the prime factors of 966197082.
2, 3, 19, 8475413
What are the prime factors of 3117014506?
2, 1558507253
What are the prime factors of 72966292?
2, 7, 372277
What are the prime factors of 544307767?
283, 1923349
What are the prime factors of 431647561?
17, 25391033
List the prime factors of 260267190.
2, 3, 5, 8675573
What are the prime factors of 340948509?
3, 11, 31, 333283
What are the prime factors of 814253984?
2, 25445437
List the prime factors of 18291990.
2, 3, 5, 293, 2081
What are the prime factors of 123677038?
2, 73, 847103
List the prime factors of 349626781.
7, 49946683
List the prime factors of 81787492.
2, 127, 131, 1229
What are the prime factors of 214412770?
2, 5, 11, 13, 149939
What are the prime factors of 1442821987?
89, 953, 17011
List the prime factors of 119984567.
3559, 33713
List the prime factors of 1063927354.
2, 7, 17, 541, 8263
List the prime factors of 98972450.
2, 5, 23, 89, 967
What are the prime factors of 68877402?
2, 3, 11, 1043597
What are the prime factors of 6661786?
2, 1489, 2237
What are the prime factors of 229732938?
2, 3, 373, 34217
List the prime factors of 43169775.
3, 5, 11, 67, 71
What are the prime factors of 111655193?
13, 61, 103, 1367
What are the prime factors of 78941956?
2, 2053, 9613
What are the prime factors of 147228515?
5, 7, 4206529
What are the prime factors of 4330344828?
2, 3, 360862069
List the prime factors of 112184016.
2, 3, 7, 59, 5659
List the prime factors of 77731826.
2, 38865913
What are the prime factors of 115674522?
2, 3, 19279087
List the prime factors of 2474974402.
2, 167, 7410103
What are the prime factors of 68195767?
68195767
What are the prime factors of 204641724?
2, 3, 7, 2436211
List the prime factors of 10808033.
37, 59, 4951
List the prime factors of 92934154.
2, 29, 229, 6997
What are the prime factors of 130623377?
130623377
What are the prime factors of 1790403175?
5, 11, 37, 175961
What are the prime factors of 6827957?
337, 20261
List the prime factors of 8964766.
2, 31, 144593
What are the prime factors of 86543633?
11, 107, 73529
List the prime factors of 16333802.
2, 181, 45121
List the prime factors of 2030635160.
2, 5, 31, 73, 22433
What are the prime factors of 171884593?
47, 3657119
List the prime factors of 708199952.
2, 29, 563, 2711
List the prime factors of 681385187.
7, 97340741
What are the prime factors of 439171169?
43, 10213283
What are the prime factors of 292591494?
2, 3, 13, 416797
List the prime factors of 724531019.
4903, 147773
What are the prime factors of 1492216678?
2, 23, 32439493
What are the prime factors of 606856090?
2, 5, 60685609
What are the prime factors of 28294419?
3, 2659, 3547
List the prime factors of 169394493.
3, 41, 1377191
List the prime factors of 81461673.
3, 3017099
What are the prime factors of 48756888?
2, 3, 19, 29, 1229
What are the prime factors of 441074130?
2, 3, 5, 7, 2100353
What are the prime factors of 472680150?
2, 3, 5, 149, 21149
List the prime factors of 77538960.
2, 3, 5, 107693
List the prime factors of 3432477719.
11, 2467, 126487
What are the prime factors of 8224832?
2, 7, 11, 1669
What are the prime factors of 153104452?
2, 109, 351157
List the prime factors of 3843437262.
2, 3, 7, 91510411
What are the prime factors of 3358048685?
5, 113, 5943449
What are the prime factors of 138638559?
3, 101, 457553
What are the prime factors of 394748419?
13, 3217, 9439
What are the prime factors of 289333004?
2, 61, 1185791
List the prime factors of 63996692.
2, 149, 107377
List the prime factors of 1086791008.
2, 29, 1171111
What are the prime factors of 5537537260?
2, 5, 137, 2020999
List the prime factors of 29501204.
2, 239, 30859
What are the prime factors of 1390970655?
3, 5, 23, 1033, 1301
List the prime factors of 629928604.
2, 29, 59, 92041
What are the prime factors of 76647810?
2, 3, 5, 31, 73, 1129
What are the pri